5. Calculate the greatest common factor of 38 and d.
38
Let b(j) = -j**3 + 23*j**2 + 113*j - 119. Let x be b(27). Suppose -5*u - 3*y - 268 = -2579, -12 = 4*y. Calculate the greatest common divisor of u and x.
16
Let x be ((-1)/((-9)/(-3822)))/((-108)/162). Calculate the greatest common factor of 39 and x.
13
Let b = 2542 - 2517. Let u = -2 - -10. Suppose -j + 405 = 4*i, -u*i + 3*i + 515 = 3*j. What is the highest common factor of b and i?
25
Let f = 210 + -117. Suppose -25 = -12*p + 11. What is the greatest common factor of f and p?
3
Suppose 1162 = -2*f + 3*u + 6721, 4*u - 2763 = -f. What is the highest common factor of f and 900?
75
Suppose 676*r - 15048 = 638*r. Calculate the highest common factor of r and 60.
12
Let b be 658/4 + 1458/(-324). Calculate the highest common divisor of b and 440.
40
Suppose 65 - 40 = 5*k. Suppose 2*x = -8, g + 3*x - 31 = -k. What is the greatest common divisor of g and 114?
38
Let i(z) = -6*z**2 + 4*z + 2. Let h be i(-1). Let r = h - -17. Calculate the greatest common divisor of r and 24.
3
Suppose 15 = m - 5*m + 3*l, 15 = 4*m + 3*l. Let q be m - ((-4)/(-10) - (-963)/(-45)). Calculate the highest common divisor of 77 and q.
7
Let o(i) = 15 + 1 - 16*i**2 + 19*i**2 - 2*i**2 + i. Let a be o(0). What is the greatest common factor of a and 80?
16
Let s(h) = h**3 + 20*h**2 - 8*h - 366. Let r be s(-15). What is the highest common factor of 3 and r?
3
Suppose 0 = q + 3*g + 1, -3*g = -q + 3 + 2. Let r = -3 + 3. Let s be r + q + -1 + 0. Calculate the greatest common factor of s and 4.
1
Let v be (600/7)/(45/315). What is the highest common factor of 18400 and v?
200
Let c be 7596/(-216) + 35 + 4249/6. What is the highest common divisor of c and 120?
12
Suppose 32*m - 14*m - 90 = 0. Suppose -m*z + 54 + 46 = 0. What is the greatest common divisor of 64 and z?
4
Let x = 85 + -83. Let p(f) = 15*f**2 - 8*f + 14. Let n be p(x). Let g = n - 28. What is the greatest common divisor of 210 and g?
30
Suppose 2*x + 46 = 4*x. Suppose 5*s + 2*h = 2877, -4*s - 5*h = -9*s + 2870. Calculate the greatest common factor of x and s.
23
Let x = 3832 + -3790. Suppose 4*z - z = 5*d + 298, 113 = -2*d - 5*z. Let a = -31 - d. Calculate the greatest common divisor of x and a.
14
Suppose 4*w - 767 = 377. What is the highest common divisor of w and 11?
11
Let u = -68 + 158. Let l = -80 + u. Calculate the highest common divisor of l and 160.
10
Let g be (-8)/28*(-101871)/1078. Let m(c) = c**2 + c + 225. Let y be m(0). What is the greatest common factor of y and g?
9
Let t = -9329 - -9378. What is the greatest common divisor of 4207 and t?
7
Let o(y) = -2*y - 9. Let v be o(-4). Let r be (v - -1) + 1 + 1. Suppose 126 - 36 = r*k. What is the highest common divisor of k and 9?
9
Suppose 0 = -4*v - 2*a + 514, -4*v + v - 3*a + 384 = 0. Calculate the highest common divisor of v and 1677.
129
Suppose 3 + 1 = 4*q - 4*w, 0 = 5*q - 2*w - 17. Suppose 3*c - 66 = -3*y, -q*c - 44 = -2*y - 10*c. What is the greatest common divisor of 66 and y?
22
Let f(u) = 29*u + 27. Suppose 7*d + 168 - 189 = 0. Let g be f(d). What is the highest common divisor of g and 12?
6
Suppose 7*f + 3253 = 11*f - 3*t, f + 2*t = 805. Suppose f*u + 52 = 815*u. Calculate the greatest common divisor of 1 and u.
1
Let w(h) = 1334*h**2 + 49*h + 47. Let v be w(-1). Calculate the greatest common divisor of v and 216.
36
Let u be 66/((-4)/((-48)/9)). Suppose 4*w - 8*k = -11*k + 176, -2*w - 5*k + u = 0. What is the greatest common factor of w and 132?
44
Suppose 0 = q + 2 - 4. Let l(s) = -4*s + 14. Let j be (-3)/5 - 18/(-5). Let v be l(j). Calculate the greatest common factor of q and v.
2
Suppose 5*w + 5*q = w + 26, 14 = 5*w - 3*q. Suppose 0 = 5*g + 3*u + 163 - 26, w = 4*u. Let f = -24 - g. What is the greatest common factor of f and 12?
4
Let y(c) = 4*c + 53. Let i be y(8). Suppose -2*b = 4*a - 94, -7*a + 12*a = 2*b - i. Calculate the highest common divisor of b and 90.
45
Let c = 48 + -28. Suppose 2*t = 4*x - 198 + 34, 3*t - 194 = -5*x. Calculate the highest common divisor of c and x.
20
Let a be 3/((-15)/(-10)) - -1. Suppose -180 = -a*u + 51. Suppose 6*x - 11 = 5*x. What is the greatest common factor of x and u?
11
Let j = -108 - -110. Suppose -p + 2*i - 2 = 0, -i + 13 = j*p - p. What is the highest common divisor of p and 256?
8
Let s(f) = -9*f**3 - 3*f**2 - 17*f - 31. Let m be s(-3). Calculate the highest common factor of 413 and m.
59
Let m = 37738 - 37166. Suppose 12*q - 9*q - 468 = 0. What is the greatest common factor of m and q?
52
Let m = 3 + 21. Let q(l) = -7*l**3 + l. Let i be q(-2). Calculate the greatest common divisor of m and i.
6
Let r be (-39)/((-2)/(-8)*4)*-5. Let s be (r/10)/(18/48). What is the greatest common factor of s and 16?
4
Suppose -4*v = 5*t + 17378, t + 3*v - 10416 = 4*t. Let q be t/(-10) - -15*3/75. What is the highest common factor of q and 12?
12
Suppose 24*t = 2*d + 17*t - 2011, -1971 = -2*d - t. What is the greatest common factor of d and 40?
4
Suppose 3*w + 5*h = 263, 0*h = -2*w + 5*h + 142. Let a be ((-2)/4*-2)/(107/2889). Calculate the greatest common divisor of a and w.
27
Let i(s) = s**2 - 42*s - 16. Let l be i(46). Calculate the highest common divisor of 1372 and l.
28
Let q be (-5 - -76) + 3 + 0 + -4. Let l be 250/3*105/q. What is the highest common divisor of l and 100?
25
Suppose -48*b - 77*b + 6625 = 0. What is the highest common factor of b and 3?
1
Suppose s = -2*q + 6*s - 61, 0 = -4*q + 3*s - 87. Let g = q + 53. Let u be (-14)/77 + g/11. What is the greatest common divisor of 3 and u?
3
Suppose 3*z = -179*g + 184*g - 458, 266 = 3*g - 4*z. What is the highest common factor of 12737 and g?
47
Suppose 10 - 13 = -i. Suppose i*l - 238 = -5*b, -3*l - 3*b + 239 = b. Calculate the greatest common divisor of 6 and l.
3
Let v = -392 - -159. Let k = v - -413. Suppose c = -70 + k. What is the highest common divisor of 10 and c?
10
Let b(l) = 39*l**2 + 17*l - 140. Let p be b(7). Calculate the highest common factor of 30 and p.
30
Let f be -4*3/8*(-8)/6. Let o be 4 - (1 - 3 - 33). Calculate the highest common factor of f and o.
1
Let l = -15 - -21. Suppose -3*v + 47*m = 43*m, 0 = 3*v - 2*m. Suppose v = -234*t + 230*t + 24. Calculate the highest common divisor of l and t.
6
Suppose -2*x - 109 = -3*o, 4*x - o + 256 - 43 = 0. Let w = 58 + x. Suppose -102 = -w*f + 78. Calculate the highest common divisor of 9 and f.
9
Suppose -3*b - 3*p = 3, -4*b - 2 = -5*b + 2*p. Let j be (b + -9 + 3)/2 - -206. What is the greatest common divisor of 87 and j?
29
Suppose 2005 = 13*t + 575. Calculate the greatest common factor of 27940 and t.
110
Let a be (3/2)/(95/189050). Calculate the greatest common factor of a and 30.
15
Suppose -25*w - 12*w + 5580 = 149*w. Let g(n) = -34*n - 4. Let z be g(-1). What is the highest common factor of z and w?
30
Suppose -3*q + 2*b + 46 = 0, -b = -5*q + 26 + 53. Suppose n - 3*u = 131, u + 3*u - 508 = -4*n. Calculate the greatest common divisor of n and q.
16
Suppose 0 = -2*b + 3*w + 3086 + 190, -5*b + 5*w + 8205 = 0. Calculate the highest common factor of 351 and b.
27
Let g = 104 + -100. Let z be (g - 4) + -4 + 27. Calculate the greatest common divisor of z and 92.
23
Let n be ((-7)/3)/(-1*4/12). Let k(g) = 2*g + n*g + 12 + 3*g**2 - 14*g. Let s be k(4). Calculate the highest common divisor of 440 and s.
40
Suppose -2*j + 197 = -5*s + 47, -4*s - 8 = 0. Let v(y) = -4*y**3 + 47*y**2 + 29*y - 605. Let t be v(10). Calculate the greatest common divisor of t and j.
35
Let t(h) be the third derivative of -5*h**4/12 + 29*h**3/3 + 2*h**2 + 6*h. Let q be t(-18). Calculate the highest common divisor of 28 and q.
14
Let a(r) = -21*r**2 - 8*r - 2. Let i be a(-1). Let f be 6*1/i + (-57)/(-5). What is the highest common divisor of f and 22?
11
Let m(j) = j**2 + 13*j + 76. Let o(n) = 2*n**2 - n - 1. Let h(t) = -m(t) + o(t). Let w be h(-7). Calculate the highest common factor of w and 20.
10
Let d be (-6)/(-33) - 4924/(-66)*3. Calculate the greatest common factor of d and 128.
32
Let i(f) = -4*f**2 + 39*f + 25. Let y be i(10). Suppose -1041 = -y*w + 234. Calculate the highest common divisor of 221 and w.
17
Suppose -5*p + 12*u + 550 = 7*u, 110 = p + 4*u. What is the greatest common divisor of 240 and p?
10
Let x(a) = -30*a - 521. Let p be x(-21). Calculate the grea